[INFO] fetching crate trezm-redis 0.15.2-alpha.0...
[INFO] checking trezm-redis-0.15.2-alpha.0 against try#72f88fc4e9458f89516a0b8b0868f3718aec5b47 for pr-74989
[INFO] extracting crate trezm-redis 0.15.2-alpha.0 into /workspace/builds/worker-5/source
[INFO] validating manifest of crates.io crate trezm-redis 0.15.2-alpha.0 on toolchain 72f88fc4e9458f89516a0b8b0868f3718aec5b47
[INFO] running `Command { std: "/workspace/cargo-home/bin/cargo" "+72f88fc4e9458f89516a0b8b0868f3718aec5b47" "read-manifest" "--manifest-path" "Cargo.toml", kill_on_drop: false }`
[INFO] started tweaking crates.io crate trezm-redis 0.15.2-alpha.0
[INFO] removed 0 missing examples
[INFO] removed 0 missing tests
[INFO] finished tweaking crates.io crate trezm-redis 0.15.2-alpha.0
[INFO] tweaked toml for crates.io crate trezm-redis 0.15.2-alpha.0 written to /workspace/builds/worker-5/source/Cargo.toml
[INFO] crate crates.io crate trezm-redis 0.15.2-alpha.0 already has a lockfile, it will not be regenerated
[INFO] running `Command { std: "/workspace/cargo-home/bin/cargo" "+72f88fc4e9458f89516a0b8b0868f3718aec5b47" "fetch" "--locked" "--manifest-path" "Cargo.toml", kill_on_drop: false }`
[INFO] [stderr]  Downloading crates ...
[INFO] [stderr]   Downloaded oorandom v11.1.0
[INFO] [stderr]   Downloaded crc16 v0.4.0
[INFO] [stderr]   Downloaded criterion v0.3.2
[INFO] [stderr]   Downloaded tinytemplate v1.0.4
[INFO] [stderr]   Downloaded futures-timer v2.0.2
[INFO] [stderr]   Downloaded async-task v1.3.1
[INFO] [stderr]   Downloaded r2d2 v0.8.8
[INFO] [stderr]   Downloaded partial-io v0.3.1
[INFO] [stderr]   Downloaded tokio v0.2.19
[INFO] [stderr]   Downloaded serde_json v1.0.51
[INFO] [stderr]   Downloaded async-trait v0.1.30
[INFO] [stderr]   Downloaded combine v4.1.0
[INFO] [stderr]   Downloaded criterion-plot v0.4.2
[INFO] [stderr]   Downloaded kv-log-macro v1.0.4
[INFO] [stderr]   Downloaded async-std v1.5.0
[INFO] [stderr]   Downloaded scheduled-thread-pool v0.2.4
[INFO] [stderr]   Downloaded plotters v0.2.12
[INFO] running `Command { std: "docker" "create" "-v" "/var/lib/crater-agent-workspace/builds/worker-5/target:/opt/rustwide/target:rw,Z" "-v" "/var/lib/crater-agent-workspace/builds/worker-5/source:/opt/rustwide/workdir:ro,Z" "-v" "/var/lib/crater-agent-workspace/cargo-home:/opt/rustwide/cargo-home:ro,Z" "-v" "/var/lib/crater-agent-workspace/rustup-home:/opt/rustwide/rustup-home:ro,Z" "-e" "SOURCE_DIR=/opt/rustwide/workdir" "-e" "CARGO_TARGET_DIR=/opt/rustwide/target" "-e" "CARGO_HOME=/opt/rustwide/cargo-home" "-e" "RUSTUP_HOME=/opt/rustwide/rustup-home" "-w" "/opt/rustwide/workdir" "-m" "1610612736" "--user" "0:0" "--network" "none" "rustops/crates-build-env@sha256:d92eaeed33fa75130ca1ee6c8a01d1ffb62bac859dfdfb3450e3e5d1c0146529" "/opt/rustwide/cargo-home/bin/cargo" "+72f88fc4e9458f89516a0b8b0868f3718aec5b47" "metadata" "--no-deps" "--format-version=1", kill_on_drop: false }`
[INFO] [stdout] 395e33f6f5eb456c3d785dfcb0fdf5cea00b17a7c61e819684eb1c0caaf7b8fd
[INFO] [stderr] WARNING: Your kernel does not support swap limit capabilities or the cgroup is not mounted. Memory limited without swap.
[INFO] running `Command { std: "docker" "start" "-a" "395e33f6f5eb456c3d785dfcb0fdf5cea00b17a7c61e819684eb1c0caaf7b8fd", kill_on_drop: false }`
[INFO] running `Command { std: "docker" "inspect" "395e33f6f5eb456c3d785dfcb0fdf5cea00b17a7c61e819684eb1c0caaf7b8fd", kill_on_drop: false }`
[INFO] running `Command { std: "docker" "rm" "-f" "395e33f6f5eb456c3d785dfcb0fdf5cea00b17a7c61e819684eb1c0caaf7b8fd", kill_on_drop: false }`
[INFO] [stdout] 395e33f6f5eb456c3d785dfcb0fdf5cea00b17a7c61e819684eb1c0caaf7b8fd
[INFO] running `Command { std: "docker" "create" "-v" "/var/lib/crater-agent-workspace/builds/worker-5/target:/opt/rustwide/target:rw,Z" "-v" "/var/lib/crater-agent-workspace/builds/worker-5/source:/opt/rustwide/workdir:ro,Z" "-v" "/var/lib/crater-agent-workspace/cargo-home:/opt/rustwide/cargo-home:ro,Z" "-v" "/var/lib/crater-agent-workspace/rustup-home:/opt/rustwide/rustup-home:ro,Z" "-e" "SOURCE_DIR=/opt/rustwide/workdir" "-e" "CARGO_TARGET_DIR=/opt/rustwide/target" "-e" "CARGO_INCREMENTAL=0" "-e" "RUST_BACKTRACE=full" "-e" "RUSTFLAGS=--cap-lints=forbid" "-e" "CARGO_HOME=/opt/rustwide/cargo-home" "-e" "RUSTUP_HOME=/opt/rustwide/rustup-home" "-w" "/opt/rustwide/workdir" "-m" "1610612736" "--user" "0:0" "--network" "none" "rustops/crates-build-env@sha256:d92eaeed33fa75130ca1ee6c8a01d1ffb62bac859dfdfb3450e3e5d1c0146529" "/opt/rustwide/cargo-home/bin/cargo" "+72f88fc4e9458f89516a0b8b0868f3718aec5b47" "check" "--frozen" "--all" "--all-targets" "--message-format=json", kill_on_drop: false }`
[INFO] [stdout] d30014a1940f8e9602605cf7a93a7a9ce10dd82488350e392529f1492f585ac8
[INFO] [stderr] WARNING: Your kernel does not support swap limit capabilities or the cgroup is not mounted. Memory limited without swap.
[INFO] running `Command { std: "docker" "start" "-a" "d30014a1940f8e9602605cf7a93a7a9ce10dd82488350e392529f1492f585ac8", kill_on_drop: false }`
[INFO] [stderr]    Compiling autocfg v1.0.0
[INFO] [stderr]    Compiling proc-macro2 v1.0.10
[INFO] [stderr]    Compiling syn v1.0.18
[INFO] [stderr]    Compiling log v0.4.8
[INFO] [stderr]     Checking slab v0.4.2
[INFO] [stderr]     Checking futures-core v0.3.4
[INFO] [stderr]     Checking futures-sink v0.3.4
[INFO] [stderr]    Compiling proc-macro-nested v0.1.4
[INFO] [stderr]     Checking futures-io v0.3.4
[INFO] [stderr]    Compiling proc-macro-hack v0.5.15
[INFO] [stderr]     Checking pin-utils v0.1.0
[INFO] [stderr]    Compiling getrandom v0.1.14
[INFO] [stderr]     Checking futures-task v0.3.4
[INFO] [stderr]     Checking pin-project-lite v0.1.4
[INFO] [stderr]     Checking smallvec v1.4.0
[INFO] [stderr]     Checking fnv v1.0.6
[INFO] [stderr]     Checking termcolor v1.1.0
[INFO] [stderr]     Checking percent-encoding v2.1.0
[INFO] [stderr]     Checking sha1 v0.6.0
[INFO] [stderr]     Checking dtoa v0.4.5
[INFO] [stderr]     Checking assert_approx_eq v1.1.0
[INFO] [stderr]     Checking unicode-bidi v0.3.4
[INFO] [stderr]     Checking humantime v1.3.0
[INFO] [stderr]     Checking itertools v0.9.0
[INFO] [stderr]     Checking futures-channel v0.3.4
[INFO] [stderr]     Checking unicode-normalization v0.1.12
[INFO] [stderr]     Checking iovec v0.1.4
[INFO] [stderr]     Checking net2 v0.2.33
[INFO] [stderr]     Checking rand v0.4.6
[INFO] [stderr]     Checking async-task v1.3.1
[INFO] [stderr]     Checking aho-corasick v0.7.10
[INFO] [stderr]     Checking serde_json v1.0.51
[INFO] [stderr]     Checking clap v2.33.0
[INFO] [stderr]     Checking bytes v0.4.12
[INFO] [stderr]     Checking bstr v0.2.12
[INFO] [stderr]    Compiling crossbeam-utils v0.7.2
[INFO] [stderr]    Compiling memoffset v0.5.4
[INFO] [stderr]    Compiling crossbeam-epoch v0.8.2
[INFO] [stderr]    Compiling num-traits v0.2.11
[INFO] [stderr]     Checking rand_core v0.5.1
[INFO] [stderr]     Checking mio v0.6.21
[INFO] [stderr]     Checking kv-log-macro v1.0.4
[INFO] [stderr]     Checking tokio-io v0.1.13
[INFO] [stderr]    Compiling quote v1.0.3
[INFO] [stderr]     Checking rand_chacha v0.2.2
[INFO] [stderr]     Checking idna v0.2.0
[INFO] [stderr]     Checking csv v1.1.3
[INFO] [stderr]     Checking rand v0.7.3
[INFO] [stderr]     Checking criterion-plot v0.4.2
[INFO] [stderr]     Checking regex v1.3.7
[INFO] [stderr]     Checking crossbeam-queue v0.2.1
[INFO] [stderr]     Checking crossbeam-channel v0.4.2
[INFO] [stderr]     Checking mio-uds v0.6.7
[INFO] [stderr]     Checking tinytemplate v1.0.4
[INFO] [stderr]     Checking url v2.1.1
[INFO] [stderr]     Checking crossbeam-deque v0.7.3
[INFO] [stderr]     Checking rayon-core v1.7.0
[INFO] [stderr]     Checking async-std v1.5.0
[INFO] [stderr]     Checking plotters v0.2.12
[INFO] [stderr]     Checking rayon v1.3.0
[INFO] [stderr]     Checking env_logger v0.5.13
[INFO] [stderr]     Checking quickcheck v0.6.2
[INFO] [stderr]     Checking partial-io v0.3.1
[INFO] [stderr]    Compiling futures-macro v0.3.4
[INFO] [stderr]    Compiling tokio-macros v0.2.5
[INFO] [stderr]    Compiling serde_derive v1.0.106
[INFO] [stderr]    Compiling async-trait v0.1.30
[INFO] [stderr]     Checking tokio v0.2.19
[INFO] [stderr]     Checking futures-util v0.3.4
[INFO] [stderr]     Checking tokio-util v0.2.0
[INFO] [stderr]     Checking futures-executor v0.3.4
[INFO] [stderr]     Checking combine v4.1.0
[INFO] [stderr]     Checking futures v0.3.4
[INFO] [stderr]     Checking criterion v0.3.2
[INFO] [stderr]     Checking trezm-redis v0.15.2-alpha.0 (/opt/rustwide/workdir)
[INFO] [stdout] error[E0432]: unresolved import `redis`
[INFO] [stdout]  --> examples/geospatial.rs:1:5
[INFO] [stdout]   |
[INFO] [stdout] 1 | use redis;
[INFO] [stdout]   |     ^^^^^ no `redis` external crate
[INFO] [stdout] 
[INFO] [stdout] 
[INFO] [stdout] error[E0432]: unresolved import `redis`
[INFO] [stdout]  --> examples/basic.rs:1:13
[INFO] [stdout]   |
[INFO] [stdout] 1 | use redis::{self, transaction, Commands};
[INFO] [stdout]   |             ^^^^ no `redis` external crate
[INFO] [stdout] 
[INFO] [stdout] 
[INFO] [stdout] error[E0432]: unresolved import `redis`
[INFO] [stdout]  --> tests/test_geospatial.rs:3:5
[INFO] [stdout]   |
[INFO] [stdout] 3 | use redis;
[INFO] [stdout]   |     ^^^^^ no `redis` external crate
[INFO] [stdout] 
[INFO] [stdout] 
[INFO] [stdout] error[E0432]: unresolved import `redis`
[INFO] [stdout]  --> tests/support/mod.rs:7:5
[INFO] [stdout]   |
[INFO] [stdout] 7 | use redis;
[INFO] [stdout]   |     ^^^^^ no `redis` external crate
[INFO] [stdout] 
[INFO] [stdout] 
[INFO] [stdout] error[E0432]: unresolved import `redis`
[INFO] [stdout]  --> tests/test_async_async_std.rs:1:5
[INFO] [stdout]   |
[INFO] [stdout] 1 | use redis;
[INFO] [stdout]   |     ^^^^^ no `redis` external crate
[INFO] [stdout] 
[INFO] [stdout] 
[INFO] [stdout] error[E0432]: unresolved import `redis`
[INFO] [stdout]  --> tests/support/mod.rs:7:5
[INFO] [stdout]   |
[INFO] [stdout] 7 | use redis;
[INFO] [stdout]   |     ^^^^^ no `redis` external crate
[INFO] [stdout] 
[INFO] [stdout] 
[INFO] [stdout] error[E0432]: unresolved import `redis`
[INFO] [stdout]  --> tests/test_basic.rs:2:5
[INFO] [stdout]   |
[INFO] [stdout] 2 | use redis;
[INFO] [stdout]   |     ^^^^^ no `redis` external crate
[INFO] [stdout] 
[INFO] [stdout] 
[INFO] [stdout] error[E0432]: unresolved import `redis`
[INFO] [stdout]  --> tests/support/mod.rs:7:5
[INFO] [stdout]   |
[INFO] [stdout] 7 | use redis;
[INFO] [stdout]   |     ^^^^^ no `redis` external crate
[INFO] [stdout] 
[INFO] [stdout] 
[INFO] [stdout] error[E0432]: unresolved import `redis`
[INFO] [stdout]  --> tests/support/mod.rs:7:5
[INFO] [stdout]   |
[INFO] [stdout] 7 | use redis;
[INFO] [stdout]   |     ^^^^^ no `redis` external crate
[INFO] [stdout] 
[INFO] [stdout] 
[INFO] [stdout] error[E0432]: unresolved import `redis`
[INFO] [stdout]   --> tests/parser.rs:14:5
[INFO] [stdout]    |
[INFO] [stdout] 14 | use redis::Value;
[INFO] [stdout]    |     ^^^^^ use of undeclared type or module `redis`
[INFO] [stdout] 
[INFO] [stdout] 
[INFO] [stdout] error[E0432]: unresolved import `redis`
[INFO] [stdout]  --> tests/test_types.rs:3:9
[INFO] [stdout]   |
[INFO] [stdout] 3 |     use redis::ToRedisArgs;
[INFO] [stdout]   |         ^^^^^ use of undeclared type or module `redis`
[INFO] [stdout] 
[INFO] [stdout] 
[INFO] [stdout] error[E0432]: unresolved import `redis`
[INFO] [stdout]   --> tests/test_types.rs:23:9
[INFO] [stdout]    |
[INFO] [stdout] 23 |     use redis::{FromRedisValue, InfoDict, Value};
[INFO] [stdout]    |         ^^^^^ use of undeclared type or module `redis`
[INFO] [stdout] 
[INFO] [stdout] 
[INFO] [stdout] error[E0432]: unresolved import `redis`
[INFO] [stdout]   --> tests/test_types.rs:37:9
[INFO] [stdout]    |
[INFO] [stdout] 37 |     use redis::{ErrorKind, FromRedisValue, Value};
[INFO] [stdout]    |         ^^^^^ use of undeclared type or module `redis`
[INFO] [stdout] 
[INFO] [stdout] 
[INFO] [stdout] error[E0432]: unresolved import `redis`
[INFO] [stdout]   --> tests/test_types.rs:54:9
[INFO] [stdout]    |
[INFO] [stdout] 54 |     use redis::{ErrorKind, FromRedisValue, Value};
[INFO] [stdout]    |         ^^^^^ use of undeclared type or module `redis`
[INFO] [stdout] 
[INFO] [stdout] 
[INFO] [stdout] error[E0432]: unresolved import `redis`
[INFO] [stdout]   --> tests/test_types.rs:65:9
[INFO] [stdout]    |
[INFO] [stdout] 65 |     use redis::{FromRedisValue, Value};
[INFO] [stdout]    |         ^^^^^ use of undeclared type or module `redis`
[INFO] [stdout] 
[INFO] [stdout] 
[INFO] [stdout] error[E0432]: unresolved import `redis`
[INFO] [stdout]   --> tests/test_types.rs:79:9
[INFO] [stdout]    |
[INFO] [stdout] 79 |     use redis::{FromRedisValue, Value};
[INFO] [stdout]    |         ^^^^^ use of undeclared type or module `redis`
[INFO] [stdout] 
[INFO] [stdout] 
[INFO] [stdout] error[E0432]: unresolved import `redis`
[INFO] [stdout]    --> tests/test_types.rs:120:9
[INFO] [stdout]     |
[INFO] [stdout] 120 |     use redis::{ErrorKind, FromRedisValue, Value};
[INFO] [stdout]     |         ^^^^^ use of undeclared type or module `redis`
[INFO] [stdout] 
[INFO] [stdout] 
[INFO] [stdout] error[E0432]: unresolved import `redis`
[INFO] [stdout]    --> tests/test_types.rs:146:9
[INFO] [stdout]     |
[INFO] [stdout] 146 |     use redis::ToRedisArgs;
[INFO] [stdout]     |         ^^^^^ use of undeclared type or module `redis`
[INFO] [stdout] 
[INFO] [stdout] 
[INFO] [stdout] error[E0432]: unresolved import `redis`
[INFO] [stdout]  --> examples/async-pub-sub.rs:2:5
[INFO] [stdout]   |
[INFO] [stdout] 2 | use redis::AsyncCommands;
[INFO] [stdout]   |     ^^^^^ use of undeclared type or module `redis`
[INFO] [stdout] 
[INFO] [stdout] 
[INFO] [stdout] error[E0432]: unresolved import `redis`
[INFO] [stdout]  --> examples/async-await.rs:1:5
[INFO] [stdout]   |
[INFO] [stdout] 1 | use redis::AsyncCommands;
[INFO] [stdout]   |     ^^^^^ use of undeclared type or module `redis`
[INFO] [stdout] 
[INFO] [stdout] 
[INFO] [stdout] error[E0433]: failed to resolve: use of undeclared type or module `redis`
[INFO] [stdout]  --> examples/async-await.rs:4:20
[INFO] [stdout]   |
[INFO] [stdout] 4 | async fn main() -> redis::RedisResult<()> {
[INFO] [stdout]   |                    ^^^^^ use of undeclared type or module `redis`
[INFO] [stdout] 
[INFO] [stdout] 
[INFO] [stdout] error[E0433]: failed to resolve: use of undeclared type or module `redis`
[INFO] [stdout]  --> examples/async-pub-sub.rs:5:20
[INFO] [stdout]   |
[INFO] [stdout] 5 | async fn main() -> redis::RedisResult<()> {
[INFO] [stdout]   |                    ^^^^^ use of undeclared type or module `redis`
[INFO] [stdout] 
[INFO] [stdout] 
[INFO] [stdout] error[E0433]: failed to resolve: use of undeclared type or module `Value`
[INFO] [stdout]    --> tests/support/mod.rs:239:9
[INFO] [stdout]     |
[INFO] [stdout] 239 |         Value::Nil => write!(writer, "$-1\r\n"),
[INFO] [stdout]     |         ^^^^^ use of undeclared type or module `Value`
[INFO] [stdout] 
[INFO] [stdout] 
[INFO] [stdout] error[E0433]: failed to resolve: use of undeclared type or module `Value`
[INFO] [stdout]    --> tests/support/mod.rs:240:9
[INFO] [stdout]     |
[INFO] [stdout] 240 |         Value::Int(val) => write!(writer, ":{}\r\n", val),
[INFO] [stdout]     |         ^^^^^ use of undeclared type or module `Value`
[INFO] [stdout] 
[INFO] [stdout] 
[INFO] [stdout] error[E0433]: failed to resolve: use of undeclared type or module `Value`
[INFO] [stdout]    --> tests/support/mod.rs:241:9
[INFO] [stdout]     |
[INFO] [stdout] 241 |         Value::Data(ref val) => {
[INFO] [stdout]     |         ^^^^^ use of undeclared type or module `Value`
[INFO] [stdout] 
[INFO] [stdout] 
[INFO] [stdout] error[E0433]: failed to resolve: use of undeclared type or module `Value`
[INFO] [stdout]    --> tests/support/mod.rs:246:9
[INFO] [stdout]     |
[INFO] [stdout] 246 |         Value::Bulk(ref values) => {
[INFO] [stdout]     |         ^^^^^ use of undeclared type or module `Value`
[INFO] [stdout] 
[INFO] [stdout] 
[INFO] [stdout] error[E0433]: failed to resolve: use of undeclared type or module `Value`
[INFO] [stdout]    --> tests/support/mod.rs:253:9
[INFO] [stdout]     |
[INFO] [stdout] 253 |         Value::Okay => write!(writer, "+OK\r\n"),
[INFO] [stdout]     |         ^^^^^ use of undeclared type or module `Value`
[INFO] [stdout] 
[INFO] [stdout] 
[INFO] [stdout] error[E0433]: failed to resolve: use of undeclared type or module `Value`
[INFO] [stdout]    --> tests/support/mod.rs:254:9
[INFO] [stdout]     |
[INFO] [stdout] 254 |         Value::Status(ref s) => write!(writer, "+{}\r\n", s),
[INFO] [stdout]     |         ^^^^^ use of undeclared type or module `Value`
[INFO] [stdout] 
[INFO] [stdout] 
[INFO] [stdout] error[E0433]: failed to resolve: use of undeclared type or module `redis`
[INFO] [stdout]    --> tests/parser.rs:133:35
[INFO] [stdout]     |
[INFO] [stdout] 133 |         let result = block_on_all(redis::parse_redis_value_async(&mut decoder, &mut partial_reader));
[INFO] [stdout]     |                                   ^^^^^ use of undeclared type or module `redis`
[INFO] [stdout] 
[INFO] [stdout] 
[INFO] [stdout] error[E0412]: cannot find type `Value` in this scope
[INFO] [stdout]    --> tests/support/mod.rs:233:32
[INFO] [stdout]     |
[INFO] [stdout] 233 | pub fn encode_value<W>(value: &Value, writer: &mut W) -> io::Result<()>
[INFO] [stdout]     |                                ^^^^^ not found in this scope
[INFO] [stdout]     |
[INFO] [stdout] help: consider importing one of these items
[INFO] [stdout]     |
[INFO] [stdout] 3   | use combine::parser::token::Value;
[INFO] [stdout]     |
[INFO] [stdout] 3   | use crate::support::process::imp::process_inner::sys::ext::net::sys_common::util::thread::local::os::Value;
[INFO] [stdout]     |
[INFO] [stdout] 3   | use trezm_redis::Value;
[INFO] [stdout]     |
[INFO] [stdout] 
[INFO] [stdout] 
[INFO] [stdout] error[E0433]: failed to resolve: use of undeclared type or module `geo`
[INFO] [stdout]   --> examples/geospatial.rs:35:23
[INFO] [stdout]    |
[INFO] [stdout] 35 |     let position: Vec<geo::Coord<f64>> = con.geo_pos("gis", "Palermo")?;
[INFO] [stdout]    |                       ^^^ use of undeclared type or module `geo`
[INFO] [stdout] 
[INFO] [stdout] 
[INFO] [stdout] error[E0433]: failed to resolve: use of undeclared type or module `geo`
[INFO] [stdout]   --> examples/geospatial.rs:41:16
[INFO] [stdout]    |
[INFO] [stdout] 41 |         .order(geo::RadiusOrder::Asc)
[INFO] [stdout]    |                ^^^ use of undeclared type or module `geo`
[INFO] [stdout] 
[INFO] [stdout] 
[INFO] [stdout] error[E0433]: failed to resolve: use of undeclared type or module `geo`
[INFO] [stdout]   --> examples/geospatial.rs:44:20
[INFO] [stdout]    |
[INFO] [stdout] 44 |     let items: Vec<geo::RadiusSearchResult> =
[INFO] [stdout]    |                    ^^^ use of undeclared type or module `geo`
[INFO] [stdout] 
[INFO] [stdout] 
[INFO] [stdout] error[E0433]: failed to resolve: use of undeclared type or module `geo`
[INFO] [stdout]   --> examples/geospatial.rs:45:51
[INFO] [stdout]    |
[INFO] [stdout] 45 |         con.geo_radius("gis", 13.5, 37.75, 150.0, geo::Unit::Kilometers, options)?;
[INFO] [stdout]    |                                                   ^^^ use of undeclared type or module `geo`
[INFO] [stdout] 
[INFO] [stdout] 
[INFO] [stdout] error[E0412]: cannot find type `RedisResult` in this scope
[INFO] [stdout]  --> examples/geospatial.rs:7:13
[INFO] [stdout]   |
[INFO] [stdout] 7 | fn run() -> RedisResult<()> {
[INFO] [stdout]   |             ^^^^^^^^^^^ not found in this scope
[INFO] [stdout]   |
[INFO] [stdout] help: consider importing this type alias
[INFO] [stdout]   |
[INFO] [stdout] 1 | use trezm_redis::RedisResult;
[INFO] [stdout]   |
[INFO] [stdout] 
[INFO] [stdout] 
[INFO] [stdout] error[E0433]: failed to resolve: use of undeclared type or module `geo`
[INFO] [stdout]   --> examples/geospatial.rs:25:19
[INFO] [stdout]    |
[INFO] [stdout] 25 |             (geo::Coord::lon_lat("13.361389", "38.115556"), "Palermo"),
[INFO] [stdout]    |                   ^^^^^ not found in `geo`
[INFO] [stdout]    |
[INFO] [stdout] help: consider importing this struct
[INFO] [stdout]    |
[INFO] [stdout] 1  | use trezm_redis::geo::Coord;
[INFO] [stdout]    |
[INFO] [stdout] 
[INFO] [stdout] 
[INFO] [stdout] error[E0433]: failed to resolve: use of undeclared type or module `geo`
[INFO] [stdout]   --> examples/geospatial.rs:26:19
[INFO] [stdout]    |
[INFO] [stdout] 26 |             (geo::Coord::lon_lat("15.087269", "37.502669"), "Catania"),
[INFO] [stdout]    |                   ^^^^^ not found in `geo`
[INFO] [stdout]    |
[INFO] [stdout] help: consider importing this struct
[INFO] [stdout]    |
[INFO] [stdout] 1  | use trezm_redis::geo::Coord;
[INFO] [stdout]    |
[INFO] [stdout] 
[INFO] [stdout] 
[INFO] [stdout] error[E0433]: failed to resolve: use of undeclared type or module `geo`
[INFO] [stdout]   --> examples/geospatial.rs:27:19
[INFO] [stdout]    |
[INFO] [stdout] 27 |             (geo::Coord::lon_lat("13.5833332", "37.316667"), "Agrigento"),
[INFO] [stdout]    |                   ^^^^^ not found in `geo`
[INFO] [stdout]    |
[INFO] [stdout] help: consider importing this struct
[INFO] [stdout]    |
[INFO] [stdout] 1  | use trezm_redis::geo::Coord;
[INFO] [stdout]    |
[INFO] [stdout] 
[INFO] [stdout] 
[INFO] [stdout] error[E0433]: failed to resolve: use of undeclared type or module `geo`
[INFO] [stdout]   --> examples/geospatial.rs:40:24
[INFO] [stdout]    |
[INFO] [stdout] 40 |     let options = geo::RadiusOptions::default()
[INFO] [stdout]    |                        ^^^^^^^^^^^^^ not found in `geo`
[INFO] [stdout]    |
[INFO] [stdout] help: consider importing this struct
[INFO] [stdout]    |
[INFO] [stdout] 1  | use trezm_redis::geo::RadiusOptions;
[INFO] [stdout]    |
[INFO] [stdout] 
[INFO] [stdout] 
[INFO] [stdout] error[E0433]: failed to resolve: use of undeclared type or module `Value`
[INFO] [stdout]    --> tests/support/mod.rs:239:9
[INFO] [stdout]     |
[INFO] [stdout] 239 |         Value::Nil => write!(writer, "$-1\r\n"),
[INFO] [stdout]     |         ^^^^^ use of undeclared type or module `Value`
[INFO] [stdout] 
[INFO] [stdout] 
[INFO] [stdout] error[E0433]: failed to resolve: use of undeclared type or module `redis`
[INFO] [stdout]  --> examples/async-pub-sub.rs:6:25
[INFO] [stdout]   |
[INFO] [stdout] 6 |     let client = redis::Client::open("redis://127.0.0.1/").unwrap();
[INFO] [stdout]   |                         ^^^^^^ not found in `redis`
[INFO] [stdout]   |
[INFO] [stdout] help: consider importing this struct
[INFO] [stdout]   |
[INFO] [stdout] 1 | use trezm_redis::Client;
[INFO] [stdout]   |
[INFO] [stdout] 
[INFO] [stdout] 
[INFO] [stdout] error[E0425]: cannot find function `transaction` in this scope
[INFO] [stdout]    --> examples/basic.rs:123:32
[INFO] [stdout]     |
[INFO] [stdout] 123 |     let (new_val,): (isize,) = transaction(con, &[key], |con, pipe| {
[INFO] [stdout]     |                                ^^^^^^^^^^^ not found in this scope
[INFO] [stdout]     |
[INFO] [stdout] help: consider importing this function
[INFO] [stdout]     |
[INFO] [stdout] 1   | use trezm_redis::transaction;
[INFO] [stdout]     |
[INFO] [stdout] 
[INFO] [stdout] 
[INFO] [stdout] error[E0433]: failed to resolve: use of undeclared type or module `Value`
[INFO] [stdout]    --> tests/support/mod.rs:240:9
[INFO] [stdout]     |
[INFO] [stdout] 240 |         Value::Int(val) => write!(writer, ":{}\r\n", val),
[INFO] [stdout]     |         ^^^^^ use of undeclared type or module `Value`
[INFO] [stdout] 
[INFO] [stdout] 
[INFO] [stdout] error[E0433]: failed to resolve: use of undeclared type or module `Value`
[INFO] [stdout]    --> tests/support/mod.rs:241:9
[INFO] [stdout]     |
[INFO] [stdout] 241 |         Value::Data(ref val) => {
[INFO] [stdout]     |         ^^^^^ use of undeclared type or module `Value`
[INFO] [stdout] 
[INFO] [stdout] 
[INFO] [stdout] error[E0433]: failed to resolve: use of undeclared type or module `Value`
[INFO] [stdout]    --> tests/support/mod.rs:246:9
[INFO] [stdout]     |
[INFO] [stdout] 246 |         Value::Bulk(ref values) => {
[INFO] [stdout]     |         ^^^^^ use of undeclared type or module `Value`
[INFO] [stdout] 
[INFO] [stdout] 
[INFO] [stdout] error[E0433]: failed to resolve: use of undeclared type or module `Value`
[INFO] [stdout]    --> tests/support/mod.rs:253:9
[INFO] [stdout]     |
[INFO] [stdout] 253 |         Value::Okay => write!(writer, "+OK\r\n"),
[INFO] [stdout]     |         ^^^^^ use of undeclared type or module `Value`
[INFO] [stdout] 
[INFO] [stdout] 
[INFO] [stdout] error[E0433]: failed to resolve: use of undeclared type or module `Value`
[INFO] [stdout]    --> tests/support/mod.rs:254:9
[INFO] [stdout]     |
[INFO] [stdout] 254 |         Value::Status(ref s) => write!(writer, "+{}\r\n", s),
[INFO] [stdout]     |         ^^^^^ use of undeclared type or module `Value`
[INFO] [stdout] 
[INFO] [stdout] 
[INFO] [stdout] error[E0433]: failed to resolve: use of undeclared type or module `Unit`
[INFO] [stdout]   --> tests/test_geospatial.rs:42:51
[INFO] [stdout]    |
[INFO] [stdout] 42 |         .geo_dist("my_gis", PALERMO.2, CATANIA.2, Unit::Kilometers)
[INFO] [stdout]    |                                                   ^^^^ use of undeclared type or module `Unit`
[INFO] [stdout] 
[INFO] [stdout] 
[INFO] [stdout] error: aborting due to 10 previous errors
[INFO] [stdout] 
[INFO] [stdout] 
[INFO] [stdout] Some errors have detailed explanations: E0412, E0432, E0433.
[INFO] [stdout] 
[INFO] [stdout] For more information about an error, try `rustc --explain E0412`.
[INFO] [stdout] 
[INFO] [stdout] error[E0433]: failed to resolve: use of undeclared type or module `redis`
[INFO] [stdout]   --> examples/async-await.rs:10:5
[INFO] [stdout]    |
[INFO] [stdout] 10 |     redis::cmd("SET")
[INFO] [stdout]    |     ^^^^^ use of undeclared type or module `redis`
[INFO] [stdout] 
[INFO] [stdout] 
[INFO] [stdout] error[E0433]: failed to resolve: use of undeclared type or module `Unit`
[INFO] [stdout]   --> tests/test_geospatial.rs:57:86
[INFO] [stdout]    |
[INFO] [stdout] 57 |     let result: RedisResult<Option<f64>> = con.geo_dist("my_gis", PALERMO.2, "none", Unit::Meters);
[INFO] [stdout]    |                                                                                      ^^^^ use of undeclared type or module `Unit`
[INFO] [stdout] 
[INFO] [stdout] 
[INFO] [stderr] error: could not compile `trezm-redis`.
[INFO] [stderr] 
[INFO] [stderr] To learn more, run the command again with --verbose.
[INFO] [stderr] warning: build failed, waiting for other jobs to finish...
[INFO] [stdout] error[E0433]: failed to resolve: use of undeclared type or module `Unit`
[INFO] [stdout]   --> tests/test_geospatial.rs:61:54
[INFO] [stdout]    |
[INFO] [stdout] 61 |         con.geo_dist("my_gis", PALERMO.2, CATANIA.2, Unit::Meters);
[INFO] [stdout]    |                                                      ^^^^ use of undeclared type or module `Unit`
[INFO] [stdout] 
[INFO] [stdout] 
[INFO] [stdout] error[E0433]: failed to resolve: use of undeclared type or module `redis`
[INFO] [stdout]   --> examples/async-await.rs:15:18
[INFO] [stdout]    |
[INFO] [stdout] 15 |     let result = redis::cmd("MGET")
[INFO] [stdout]    |                  ^^^^^ use of undeclared type or module `redis`
[INFO] [stdout] 
[INFO] [stdout] 
[INFO] [stdout] error[E0433]: failed to resolve: use of undeclared type or module `redis`
[INFO] [stdout]  --> examples/async-await.rs:5:25
[INFO] [stdout]   |
[INFO] [stdout] 5 |     let client = redis::Client::open("redis://127.0.0.1/").unwrap();
[INFO] [stdout]   |                         ^^^^^^ not found in `redis`
[INFO] [stdout]   |
[INFO] [stdout] help: consider importing this struct
[INFO] [stdout]   |
[INFO] [stdout] 1 | use trezm_redis::Client;
[INFO] [stdout]   |
[INFO] [stdout] 
[INFO] [stdout] 
[INFO] [stdout] error[E0433]: failed to resolve: use of undeclared type or module `Value`
[INFO] [stdout]    --> tests/support/mod.rs:239:9
[INFO] [stdout]     |
[INFO] [stdout] 239 |         Value::Nil => write!(writer, "$-1\r\n"),
[INFO] [stdout]     |         ^^^^^ use of undeclared type or module `Value`
[INFO] [stdout] 
[INFO] [stdout] 
[INFO] [stdout] error[E0433]: failed to resolve: use of undeclared type or module `Value`
[INFO] [stdout]    --> tests/support/mod.rs:240:9
[INFO] [stdout]     |
[INFO] [stdout] 240 |         Value::Int(val) => write!(writer, ":{}\r\n", val),
[INFO] [stdout]     |         ^^^^^ use of undeclared type or module `Value`
[INFO] [stdout] 
[INFO] [stdout] 
[INFO] [stdout] error[E0433]: failed to resolve: use of undeclared type or module `Value`
[INFO] [stdout]    --> tests/support/mod.rs:241:9
[INFO] [stdout]     |
[INFO] [stdout] 241 |         Value::Data(ref val) => {
[INFO] [stdout]     |         ^^^^^ use of undeclared type or module `Value`
[INFO] [stdout] 
[INFO] [stdout] 
[INFO] [stdout] error[E0433]: failed to resolve: use of undeclared type or module `Value`
[INFO] [stdout]    --> tests/support/mod.rs:246:9
[INFO] [stdout]     |
[INFO] [stdout] 246 |         Value::Bulk(ref values) => {
[INFO] [stdout]     |         ^^^^^ use of undeclared type or module `Value`
[INFO] [stdout] 
[INFO] [stdout] 
[INFO] [stdout] error[E0433]: failed to resolve: use of undeclared type or module `Value`
[INFO] [stdout]    --> tests/support/mod.rs:253:9
[INFO] [stdout]     |
[INFO] [stdout] 253 |         Value::Okay => write!(writer, "+OK\r\n"),
[INFO] [stdout]     |         ^^^^^ use of undeclared type or module `Value`
[INFO] [stdout] 
[INFO] [stdout] 
[INFO] [stdout] error[E0433]: failed to resolve: use of undeclared type or module `Value`
[INFO] [stdout]    --> tests/support/mod.rs:254:9
[INFO] [stdout]     |
[INFO] [stdout] 254 |         Value::Status(ref s) => write!(writer, "+{}\r\n", s),
[INFO] [stdout]     |         ^^^^^ use of undeclared type or module `Value`
[INFO] [stdout] 
[INFO] [stdout] 
[INFO] [stdout] warning: unused import: `futures_util::StreamExt`
[INFO] [stdout]  --> examples/async-pub-sub.rs:1:5
[INFO] [stdout]   |
[INFO] [stdout] 1 | use futures_util::StreamExt as _;
[INFO] [stdout]   |     ^^^^^^^^^^^^^^^^^^^^^^^
[INFO] [stdout]   |
[INFO] [stdout]   = note: `#[warn(unused_imports)]` on by default
[INFO] [stdout] 
[INFO] [stdout] 
[INFO] [stdout] error[E0433]: failed to resolve: use of undeclared type or module `Value`
[INFO] [stdout]    --> tests/support/mod.rs:239:9
[INFO] [stdout]     |
[INFO] [stdout] 239 |         Value::Nil => write!(writer, "$-1\r\n"),
[INFO] [stdout]     |         ^^^^^ use of undeclared type or module `Value`
[INFO] [stdout] 
[INFO] [stdout] 
[INFO] [stdout] error: aborting due to 3 previous errors; 1 warning emitted
[INFO] [stdout] 
[INFO] [stdout] 
[INFO] [stdout] error[E0433]: failed to resolve: use of undeclared type or module `Value`
[INFO] [stdout]    --> tests/support/mod.rs:240:9
[INFO] [stdout]     |
[INFO] [stdout] 240 |         Value::Int(val) => write!(writer, ":{}\r\n", val),
[INFO] [stdout]     |         ^^^^^ use of undeclared type or module `Value`
[INFO] [stdout] 
[INFO] [stdout] 
[INFO] [stdout] error[E0433]: failed to resolve: use of undeclared type or module `Value`
[INFO] [stdout]    --> tests/support/mod.rs:241:9
[INFO] [stdout]     |
[INFO] [stdout] 241 |         Value::Data(ref val) => {
[INFO] [stdout]     |         ^^^^^ use of undeclared type or module `Value`
[INFO] [stdout] 
[INFO] [stdout] 
[INFO] [stdout] error[E0433]: failed to resolve: use of undeclared type or module `Unit`
[INFO] [stdout]    --> tests/test_geospatial.rs:139:53
[INFO] [stdout]     |
[INFO] [stdout] 139 |         con.geo_radius("my_gis", 15.0, 37.0, 200.0, Unit::Kilometers, opts)
[INFO] [stdout]     |                                                     ^^^^ use of undeclared type or module `Unit`
[INFO] [stdout] 
[INFO] [stdout] 
[INFO] [stdout] error[E0433]: failed to resolve: use of undeclared type or module `Value`
[INFO] [stdout]    --> tests/support/mod.rs:246:9
[INFO] [stdout]     |
[INFO] [stdout] 246 |         Value::Bulk(ref values) => {
[INFO] [stdout]     |         ^^^^^ use of undeclared type or module `Value`
[INFO] [stdout] 
[INFO] [stdout] 
[INFO] [stdout] error[E0433]: failed to resolve: use of undeclared type or module `Value`
[INFO] [stdout]    --> tests/support/mod.rs:253:9
[INFO] [stdout]     |
[INFO] [stdout] 253 |         Value::Okay => write!(writer, "+OK\r\n"),
[INFO] [stdout]     |         ^^^^^ use of undeclared type or module `Value`
[INFO] [stdout] 
[INFO] [stdout] 
[INFO] [stdout] error[E0433]: failed to resolve: use of undeclared type or module `Value`
[INFO] [stdout]    --> tests/support/mod.rs:254:9
[INFO] [stdout]     |
[INFO] [stdout] 254 |         Value::Status(ref s) => write!(writer, "+{}\r\n", s),
[INFO] [stdout]     |         ^^^^^ use of undeclared type or module `Value`
[INFO] [stdout] 
[INFO] [stdout] 
[INFO] [stdout] error[E0433]: failed to resolve: use of undeclared type or module `ControlFlow`
[INFO] [stdout]    --> tests/test_basic.rs:539:25
[INFO] [stdout]     |
[INFO] [stdout] 539 |                         ControlFlow::Continue
[INFO] [stdout]     |                         ^^^^^^^^^^^ use of undeclared type or module `ControlFlow`
[INFO] [stdout] 
[INFO] [stdout] 
[INFO] [stdout] Some errors have detailed explanations: E0432, E0433.
[INFO] [stdout] 
[INFO] [stdout] For more information about an error, try `rustc --explain E0432`.
[INFO] [stdout] 
[INFO] [stdout] error[E0433]: failed to resolve: use of undeclared type or module `RadiusOrder`
[INFO] [stdout]    --> tests/test_geospatial.rs:158:72
[INFO] [stdout]     |
[INFO] [stdout] 158 |     let result = geo_radius(RadiusOptions::default().with_dist().order(RadiusOrder::Asc));
[INFO] [stdout]     |                                                                        ^^^^^^^^^^^ use of undeclared type or module `RadiusOrder`
[INFO] [stdout] 
[INFO] [stdout] 
[INFO] [stdout] error[E0412]: cannot find type `Value` in this scope
[INFO] [stdout]    --> tests/support/mod.rs:233:32
[INFO] [stdout]     |
[INFO] [stdout] 233 | pub fn encode_value<W>(value: &Value, writer: &mut W) -> io::Result<()>
[INFO] [stdout]     |                                ^^^^^ not found in this scope
[INFO] [stdout]     |
[INFO] [stdout] help: consider importing one of these items
[INFO] [stdout]     |
[INFO] [stdout] 3   | use combine::parser::token::Value;
[INFO] [stdout]     |
[INFO] [stdout] 3   | use crate::support::process::imp::process_inner::sys::ext::net::sys_common::util::thread::local::os::Value;
[INFO] [stdout]     |
[INFO] [stdout] 3   | use trezm_redis::Value;
[INFO] [stdout]     |
[INFO] [stdout] 
[INFO] [stdout] 
[INFO] [stdout] error[E0412]: cannot find type `RedisResult` in this scope
[INFO] [stdout]   --> tests/test_async_async_std.rs:82:29
[INFO] [stdout]    |
[INFO] [stdout] 82 |                 let result: RedisResult<()> = cmd().await;
[INFO] [stdout]    |                             ^^^^^^^^^^^ not found in this scope
[INFO] [stdout]    |
[INFO] [stdout] help: consider importing this type alias
[INFO] [stdout]    |
[INFO] [stdout] 1  | use trezm_redis::RedisResult;
[INFO] [stdout]    |
[INFO] [stdout] 
[INFO] [stdout] 
[INFO] [stdout] error[E0412]: cannot find type `MultiplexedConnection` in this scope
[INFO] [stdout]    --> tests/test_async_async_std.rs:130:19
[INFO] [stdout]     |
[INFO] [stdout] 130 | fn test_cmd(con: &MultiplexedConnection, i: i32) -> impl Future<Output = RedisResult<()>> + Send {
[INFO] [stdout]     |                   ^^^^^^^^^^^^^^^^^^^^^ not found in this scope
[INFO] [stdout]     |
[INFO] [stdout] help: consider importing this struct
[INFO] [stdout]     |
[INFO] [stdout] 1   | use trezm_redis::aio::MultiplexedConnection;
[INFO] [stdout]     |
[INFO] [stdout] 
[INFO] [stdout] 
[INFO] [stdout] error[E0412]: cannot find type `RedisResult` in this scope
[INFO] [stdout]    --> tests/test_async_async_std.rs:130:74
[INFO] [stdout]     |
[INFO] [stdout] 130 | fn test_cmd(con: &MultiplexedConnection, i: i32) -> impl Future<Output = RedisResult<()>> + Send {
[INFO] [stdout]     |                                                                          ^^^^^^^^^^^ not found in this scope
[INFO] [stdout]     |
[INFO] [stdout] help: consider importing this type alias
[INFO] [stdout]     |
[INFO] [stdout] 1   | use trezm_redis::RedisResult;
[INFO] [stdout]     |
[INFO] [stdout] 
[INFO] [stdout] 
[INFO] [stdout] error[E0433]: failed to resolve: use of undeclared type or module `RadiusOrder`
[INFO] [stdout]    --> tests/test_geospatial.rs:173:20
[INFO] [stdout]     |
[INFO] [stdout] 173 |             .order(RadiusOrder::Desc)
[INFO] [stdout]     |                    ^^^^^^^^^^^ use of undeclared type or module `RadiusOrder`
[INFO] [stdout] 
[INFO] [stdout] 
[INFO] [stdout] error[E0412]: cannot find type `MultiplexedConnection` in this scope
[INFO] [stdout]    --> tests/test_async_async_std.rs:160:21
[INFO] [stdout]     |
[INFO] [stdout] 160 | fn test_error(con: &MultiplexedConnection) -> impl Future<Output = RedisResult<()>> {
[INFO] [stdout]     |                     ^^^^^^^^^^^^^^^^^^^^^ not found in this scope
[INFO] [stdout]     |
[INFO] [stdout] help: consider importing this struct
[INFO] [stdout]     |
[INFO] [stdout] 1   | use trezm_redis::aio::MultiplexedConnection;
[INFO] [stdout]     |
[INFO] [stdout] 
[INFO] [stdout] 
[INFO] [stdout] error[E0412]: cannot find type `RedisResult` in this scope
[INFO] [stdout]    --> tests/test_async_async_std.rs:160:68
[INFO] [stdout]     |
[INFO] [stdout] 160 | fn test_error(con: &MultiplexedConnection) -> impl Future<Output = RedisResult<()>> {
[INFO] [stdout]     |                                                                    ^^^^^^^^^^^ not found in this scope
[INFO] [stdout]     |
[INFO] [stdout] help: consider importing this type alias
[INFO] [stdout]     |
[INFO] [stdout] 1   | use trezm_redis::RedisResult;
[INFO] [stdout]     |
[INFO] [stdout] 
[INFO] [stdout] 
[INFO] [stdout] error[E0412]: cannot find type `RedisError` in this scope
[INFO] [stdout]    --> tests/test_async_async_std.rs:289:20
[INFO] [stdout]     |
[INFO] [stdout] 289 |     .map_err(|err: RedisError| err)
[INFO] [stdout]     |                    ^^^^^^^^^^ not found in this scope
[INFO] [stdout]     |
[INFO] [stdout] help: consider importing this struct
[INFO] [stdout]     |
[INFO] [stdout] 1   | use trezm_redis::RedisError;
[INFO] [stdout]     |
[INFO] [stdout] 
[INFO] [stdout] 
[INFO] [stdout] error[E0433]: failed to resolve: use of undeclared type or module `RadiusOrder`
[INFO] [stdout]    --> tests/test_geospatial.rs:193:47
[INFO] [stdout]     |
[INFO] [stdout] 193 |     let opts = RadiusOptions::default().order(RadiusOrder::Asc);
[INFO] [stdout]     |                                               ^^^^^^^^^^^ use of undeclared type or module `RadiusOrder`
[INFO] [stdout] 
[INFO] [stdout] 
[INFO] [stdout] error[E0433]: failed to resolve: use of undeclared type or module `Unit`
[INFO] [stdout]    --> tests/test_geospatial.rs:195:61
[INFO] [stdout]     |
[INFO] [stdout] 195 |         .geo_radius_by_member("my_gis", AGRIGENTO.2, 100.0, Unit::Kilometers, opts)
[INFO] [stdout]     |                                                             ^^^^ use of undeclared type or module `Unit`
[INFO] [stdout] 
[INFO] [stdout] 
[INFO] [stdout] error[E0412]: cannot find type `Value` in this scope
[INFO] [stdout]    --> tests/support/mod.rs:233:32
[INFO] [stdout]     |
[INFO] [stdout] 233 | pub fn encode_value<W>(value: &Value, writer: &mut W) -> io::Result<()>
[INFO] [stdout]     |                                ^^^^^ not found in this scope
[INFO] [stdout]     |
[INFO] [stdout] help: consider importing one of these items
[INFO] [stdout]     |
[INFO] [stdout] 3   | use combine::parser::token::Value;
[INFO] [stdout]     |
[INFO] [stdout] 3   | use crate::support::process::imp::process_inner::sys::ext::net::sys_common::util::thread::local::os::Value;
[INFO] [stdout]     |
[INFO] [stdout] 3   | use trezm_redis::Value;
[INFO] [stdout]     |
[INFO] [stdout] 
[INFO] [stdout] 
[INFO] [stdout] error[E0412]: cannot find type `RedisResult` in this scope
[INFO] [stdout]   --> tests/test_geospatial.rs:57:17
[INFO] [stdout]    |
[INFO] [stdout] 57 |     let result: RedisResult<Option<f64>> = con.geo_dist("my_gis", PALERMO.2, "none", Unit::Meters);
[INFO] [stdout]    |                 ^^^^^^^^^^^ not found in this scope
[INFO] [stdout]    |
[INFO] [stdout] help: consider importing this type alias
[INFO] [stdout]    |
[INFO] [stdout] 3  | use trezm_redis::RedisResult;
[INFO] [stdout]    |
[INFO] [stdout] 
[INFO] [stdout] 
[INFO] [stdout] error[E0412]: cannot find type `RedisResult` in this scope
[INFO] [stdout]   --> tests/test_geospatial.rs:60:17
[INFO] [stdout]    |
[INFO] [stdout] 60 |     let result: RedisResult<Option<f64>> =
[INFO] [stdout]    |                 ^^^^^^^^^^^ not found in this scope
[INFO] [stdout]    |
[INFO] [stdout] help: consider importing this type alias
[INFO] [stdout]    |
[INFO] [stdout] 3  | use trezm_redis::RedisResult;
[INFO] [stdout]    |
[INFO] [stdout] 
[INFO] [stdout] 
[INFO] [stdout] error[E0412]: cannot find type `RedisResult` in this scope
[INFO] [stdout]   --> tests/test_geospatial.rs:74:17
[INFO] [stdout]    |
[INFO] [stdout] 74 |     let result: RedisResult<Vec<String>> = con.geo_hash("my_gis", PALERMO.2);
[INFO] [stdout]    |                 ^^^^^^^^^^^ not found in this scope
[INFO] [stdout]    |
[INFO] [stdout] help: consider importing this type alias
[INFO] [stdout]    |
[INFO] [stdout] 3  | use trezm_redis::RedisResult;
[INFO] [stdout]    |
[INFO] [stdout] 
[INFO] [stdout] 
[INFO] [stdout] error[E0412]: cannot find type `RedisResult` in this scope
[INFO] [stdout]   --> tests/test_geospatial.rs:77:17
[INFO] [stdout]    |
[INFO] [stdout] 77 |     let result: RedisResult<Vec<String>> = con.geo_hash("my_gis", &[PALERMO.2, CATANIA.2]);
[INFO] [stdout]    |                 ^^^^^^^^^^^ not found in this scope
[INFO] [stdout]    |
[INFO] [stdout] help: consider importing this type alias
[INFO] [stdout]    |
[INFO] [stdout] 3  | use trezm_redis::RedisResult;
[INFO] [stdout]    |
[INFO] [stdout] 
[INFO] [stdout] 
[INFO] [stdout] error[E0412]: cannot find type `Coord` in this scope
[INFO] [stdout]    --> tests/test_geospatial.rs:101:21
[INFO] [stdout]     |
[INFO] [stdout] 101 |     let result: Vec<Coord<f64>> = con.geo_pos("my_gis", &[PALERMO.2, CATANIA.2]).unwrap();
[INFO] [stdout]     |                     ^^^^^ not found in this scope
[INFO] [stdout]     |
[INFO] [stdout] help: consider importing this struct
[INFO] [stdout]     |
[INFO] [stdout] 3   | use trezm_redis::geo::Coord;
[INFO] [stdout]     |
[INFO] [stdout] 
[INFO] [stdout] 
[INFO] [stdout] error[E0433]: failed to resolve: use of undeclared type or module `Coord`
[INFO] [stdout]    --> tests/test_geospatial.rs:119:14
[INFO] [stdout]     |
[INFO] [stdout] 119 |             (Coord::lon_lat(13.361_389, 38.115_556), "Palermo")
[INFO] [stdout]     |              ^^^^^ not found in this scope
[INFO] [stdout]     |
[INFO] [stdout] help: consider importing this struct
[INFO] [stdout]     |
[INFO] [stdout] 3   | use trezm_redis::geo::Coord;
[INFO] [stdout]     |
[INFO] [stdout] 
[INFO] [stdout] 
[INFO] [stdout] error[E0412]: cannot find type `Coord` in this scope
[INFO] [stdout]    --> tests/test_geospatial.rs:124:21
[INFO] [stdout]     |
[INFO] [stdout] 124 |     let result: Vec<Coord<f64>> = con.geo_pos("my_gis", "Palermo").unwrap();
[INFO] [stdout]     |                     ^^^^^ not found in this scope
[INFO] [stdout]     |
[INFO] [stdout] help: consider importing this struct
[INFO] [stdout]     |
[INFO] [stdout] 3   | use trezm_redis::geo::Coord;
[INFO] [stdout]     |
[INFO] [stdout] 
[INFO] [stdout] 
[INFO] [stdout] error[E0412]: cannot find type `RadiusOptions` in this scope
[INFO] [stdout]    --> tests/test_geospatial.rs:138:33
[INFO] [stdout]     |
[INFO] [stdout] 138 |     let mut geo_radius = |opts: RadiusOptions| -> Vec<RadiusSearchResult> {
[INFO] [stdout]     |                                 ^^^^^^^^^^^^^ not found in this scope
[INFO] [stdout]     |
[INFO] [stdout] help: consider importing this struct
[INFO] [stdout]     |
[INFO] [stdout] 3   | use trezm_redis::geo::RadiusOptions;
[INFO] [stdout]     |
[INFO] [stdout] 
[INFO] [stdout] 
[INFO] [stdout] error[E0412]: cannot find type `RadiusSearchResult` in this scope
[INFO] [stdout]    --> tests/test_geospatial.rs:138:55
[INFO] [stdout]     |
[INFO] [stdout] 138 |     let mut geo_radius = |opts: RadiusOptions| -> Vec<RadiusSearchResult> {
[INFO] [stdout]     |                                                       ^^^^^^^^^^^^^^^^^^ not found in this scope
[INFO] [stdout]     |
[INFO] [stdout] help: consider importing this struct
[INFO] [stdout]     |
[INFO] [stdout] 3   | use trezm_redis::geo::RadiusSearchResult;
[INFO] [stdout]     |
[INFO] [stdout] 
[INFO] [stdout] 
[INFO] [stdout] error[E0433]: failed to resolve: use of undeclared type or module `RadiusOptions`
[INFO] [stdout]    --> tests/test_geospatial.rs:144:33
[INFO] [stdout]     |
[INFO] [stdout] 144 |     let mut result = geo_radius(RadiusOptions::default());
[INFO] [stdout]     |                                 ^^^^^^^^^^^^^ not found in this scope
[INFO] [stdout]     |
[INFO] [stdout] help: consider importing this struct
[INFO] [stdout]     |
[INFO] [stdout] 3   | use trezm_redis::geo::RadiusOptions;
[INFO] [stdout]     |
[INFO] [stdout] 
[INFO] [stdout] 
[INFO] [stdout] error[E0433]: failed to resolve: use of undeclared type or module `RadiusOptions`
[INFO] [stdout]    --> tests/test_geospatial.rs:158:29
[INFO] [stdout]     |
[INFO] [stdout] 158 |     let result = geo_radius(RadiusOptions::default().with_dist().order(RadiusOrder::Asc));
[INFO] [stdout]     |                             ^^^^^^^^^^^^^ not found in this scope
[INFO] [stdout]     |
[INFO] [stdout] help: consider importing this struct
[INFO] [stdout]     |
[INFO] [stdout] 3   | use trezm_redis::geo::RadiusOptions;
[INFO] [stdout]     |
[INFO] [stdout] 
[INFO] [stdout] 
[INFO] [stdout] error[E0433]: failed to resolve: use of undeclared type or module `RadiusOptions`
[INFO] [stdout]    --> tests/test_geospatial.rs:171:9
[INFO] [stdout]     |
[INFO] [stdout] 171 |         RadiusOptions::default()
[INFO] [stdout]     |         ^^^^^^^^^^^^^ not found in this scope
[INFO] [stdout]     |
[INFO] [stdout] help: consider importing this struct
[INFO] [stdout]     |
[INFO] [stdout] 3   | use trezm_redis::geo::RadiusOptions;
[INFO] [stdout]     |
[INFO] [stdout] 
[INFO] [stdout] 
[INFO] [stdout] error[E0433]: failed to resolve: use of undeclared type or module `RadiusOptions`
[INFO] [stdout]    --> tests/test_geospatial.rs:193:16
[INFO] [stdout]     |
[INFO] [stdout] 193 |     let opts = RadiusOptions::default().order(RadiusOrder::Asc);
[INFO] [stdout]     |                ^^^^^^^^^^^^^ not found in this scope
[INFO] [stdout]     |
[INFO] [stdout] help: consider importing this struct
[INFO] [stdout]     |
[INFO] [stdout] 3   | use trezm_redis::geo::RadiusOptions;
[INFO] [stdout]     |
[INFO] [stdout] 
[INFO] [stdout] 
[INFO] [stdout] error[E0412]: cannot find type `RadiusSearchResult` in this scope
[INFO] [stdout]    --> tests/test_geospatial.rs:194:21
[INFO] [stdout]     |
[INFO] [stdout] 194 |     let result: Vec<RadiusSearchResult> = con
[INFO] [stdout]     |                     ^^^^^^^^^^^^^^^^^^ not found in this scope
[INFO] [stdout]     |
[INFO] [stdout] help: consider importing this struct
[INFO] [stdout]     |
[INFO] [stdout] 3   | use trezm_redis::geo::RadiusSearchResult;
[INFO] [stdout]     |
[INFO] [stdout] 
[INFO] [stdout] 
[INFO] [stdout] error[E0412]: cannot find type `Value` in this scope
[INFO] [stdout]    --> tests/support/mod.rs:233:32
[INFO] [stdout]     |
[INFO] [stdout] 233 | pub fn encode_value<W>(value: &Value, writer: &mut W) -> io::Result<()>
[INFO] [stdout]     |                                ^^^^^ not found in this scope
[INFO] [stdout]     |
[INFO] [stdout] help: consider importing one of these items
[INFO] [stdout]     |
[INFO] [stdout] 3   | use combine::parser::token::Value;
[INFO] [stdout]     |
[INFO] [stdout] 3   | use crate::support::process::imp::process_inner::sys::ext::net::sys_common::util::thread::local::os::Value;
[INFO] [stdout]     |
[INFO] [stdout] 3   | use trezm_redis::Value;
[INFO] [stdout]     |
[INFO] [stdout] 
[INFO] [stdout] 
[INFO] [stdout] error[E0433]: failed to resolve: use of undeclared type or module `ControlFlow`
[INFO] [stdout]    --> tests/test_basic.rs:544:25
[INFO] [stdout]     |
[INFO] [stdout] 544 |                         ControlFlow::Break(())
[INFO] [stdout]     |                         ^^^^^^^^^^^ not found in this scope
[INFO] [stdout]     |
[INFO] [stdout] help: consider importing one of these items
[INFO] [stdout]     |
[INFO] [stdout] 2   | use combine::lib::ops::ControlFlow;
[INFO] [stdout]     |
[INFO] [stdout] 2   | use core::ops::ControlFlow;
[INFO] [stdout]     |
[INFO] [stdout] 2   | use crate::support::process::imp::process_inner::sys::rand::mem::hash::impls::slice::ops::ControlFlow;
[INFO] [stdout]     |
[INFO] [stdout] 2   | use futures::core_reexport::ops::ControlFlow;
[INFO] [stdout]     |
[INFO] [stdout]       and 3 other candidates
[INFO] [stdout] 
[INFO] [stdout] 
[INFO] [stdout] error[E0433]: failed to resolve: use of undeclared type or module `ControlFlow`
[INFO] [stdout]    --> tests/test_basic.rs:546:26
[INFO] [stdout]     |
[INFO] [stdout] 546 |                     _ => ControlFlow::Break(()),
[INFO] [stdout]     |                          ^^^^^^^^^^^ not found in this scope
[INFO] [stdout]     |
[INFO] [stdout] help: consider importing one of these items
[INFO] [stdout]     |
[INFO] [stdout] 2   | use combine::lib::ops::ControlFlow;
[INFO] [stdout]     |
[INFO] [stdout] 2   | use core::ops::ControlFlow;
[INFO] [stdout]     |
[INFO] [stdout] 2   | use crate::support::process::imp::process_inner::sys::rand::mem::hash::impls::slice::ops::ControlFlow;
[INFO] [stdout]     |
[INFO] [stdout] 2   | use futures::core_reexport::ops::ControlFlow;
[INFO] [stdout]     |
[INFO] [stdout]       and 3 other candidates
[INFO] [stdout] 
[INFO] [stdout] 
[INFO] [stdout] error[E0433]: failed to resolve: use of undeclared type or module `Parser`
[INFO] [stdout]    --> tests/test_basic.rs:762:31
[INFO] [stdout]     |
[INFO] [stdout] 762 |         let _: redis::Value = Parser::new().parse_value(&mut stream)?;
[INFO] [stdout]     |                               ^^^^^^ not found in this scope
[INFO] [stdout]     |
[INFO] [stdout] help: consider importing one of these items
[INFO] [stdout]     |
[INFO] [stdout] 2   | use combine::Parser;
[INFO] [stdout]     |
[INFO] [stdout] 2   | use crate::support::process::imp::process_inner::sys::ext::net::net::parser::Parser;
[INFO] [stdout]     |
[INFO] [stdout] 2   | use trezm_redis::Parser;
[INFO] [stdout]     |
[INFO] [stdout] 
[INFO] [stdout] 
[INFO] [stdout] error[E0412]: cannot find type `RedisResult` in this scope
[INFO] [stdout]    --> tests/test_basic.rs:765:16
[INFO] [stdout]     |
[INFO] [stdout] 765 |         let _: RedisResult<redis::Value> = Parser::new().parse_value(&mut stream);
[INFO] [stdout]     |                ^^^^^^^^^^^ not found in this scope
[INFO] [stdout]     |
[INFO] [stdout] help: consider importing this type alias
[INFO] [stdout]     |
[INFO] [stdout] 2   | use trezm_redis::RedisResult;
[INFO] [stdout]     |
[INFO] [stdout] 
[INFO] [stdout] 
[INFO] [stdout] error[E0433]: failed to resolve: use of undeclared type or module `Parser`
[INFO] [stdout]    --> tests/test_basic.rs:765:44
[INFO] [stdout]     |
[INFO] [stdout] 765 |         let _: RedisResult<redis::Value> = Parser::new().parse_value(&mut stream);
[INFO] [stdout]     |                                            ^^^^^^ not found in this scope
[INFO] [stdout]     |
[INFO] [stdout] help: consider importing one of these items
[INFO] [stdout]     |
[INFO] [stdout] 2   | use combine::Parser;
[INFO] [stdout]     |
[INFO] [stdout] 2   | use crate::support::process::imp::process_inner::sys::ext::net::net::parser::Parser;
[INFO] [stdout]     |
[INFO] [stdout] 2   | use trezm_redis::Parser;
[INFO] [stdout]     |
[INFO] [stdout] 
[INFO] [stdout] 
[INFO] [stdout] error[E0599]: no method named `is_single_arg` found for reference `&'static str` in the current scope
[INFO] [stdout]   --> tests/test_types.rs:12:22
[INFO] [stdout]    |
[INFO] [stdout] 12 |     assert_eq!("foo".is_single_arg(), true);
[INFO] [stdout]    |                      ^^^^^^^^^^^^^ method not found in `&'static str`
[INFO] [stdout]    |
[INFO] [stdout]    = help: items from traits can only be used if the trait is in scope
[INFO] [stdout] help: the following trait is implemented but not in scope; perhaps add a `use` for it:
[INFO] [stdout]    |
[INFO] [stdout] 2  | use trezm_redis::ToRedisArgs;
[INFO] [stdout]    |
[INFO] [stdout] 
[INFO] [stdout] 
[INFO] [stdout] error[E0599]: no method named `is_single_arg` found for reference `&[&str]` in the current scope
[INFO] [stdout]   --> tests/test_types.rs:13:23
[INFO] [stdout]    |
[INFO] [stdout] 13 |     assert_eq!(sslice.is_single_arg(), true);
[INFO] [stdout]    |                       ^^^^^^^^^^^^^ method not found in `&[&str]`
[INFO] [stdout]    |
[INFO] [stdout]    = help: items from traits can only be used if the trait is in scope
[INFO] [stdout] help: the following trait is implemented but not in scope; perhaps add a `use` for it:
[INFO] [stdout]    |
[INFO] [stdout] 2  | use trezm_redis::ToRedisArgs;
[INFO] [stdout]    |
[INFO] [stdout] 
[INFO] [stdout] 
[INFO] [stdout] error[E0599]: no method named `is_single_arg` found for reference `&[&[&str]]` in the current scope
[INFO] [stdout]   --> tests/test_types.rs:14:26
[INFO] [stdout]    |
[INFO] [stdout] 14 |     assert_eq!(nestslice.is_single_arg(), true);
[INFO] [stdout]    |                          ^^^^^^^^^^^^^ method not found in `&[&[&str]]`
[INFO] [stdout]    |
[INFO] [stdout]    = help: items from traits can only be used if the trait is in scope
[INFO] [stdout] help: the following trait is implemented but not in scope; perhaps add a `use` for it:
[INFO] [stdout]    |
[INFO] [stdout] 2  | use trezm_redis::ToRedisArgs;
[INFO] [stdout]    |
[INFO] [stdout] 
[INFO] [stdout] 
[INFO] [stdout] error: aborting due to 10 previous errors
[INFO] [stdout] 
[INFO] [stdout] 
[INFO] [stdout] Some errors have detailed explanations: E0412, E0432, E0433.
[INFO] [stdout] 
[INFO] [stdout] For more information about an error, try `rustc --explain E0412`.
[INFO] [stdout] 
[INFO] [stdout] error: aborting due to 5 previous errors
[INFO] [stdout] 
[INFO] [stdout] 
[INFO] [stdout] Some errors have detailed explanations: E0432, E0433.
[INFO] [stdout] 
[INFO] [stdout] For more information about an error, try `rustc --explain E0432`.
[INFO] [stdout] 
[INFO] [stdout] error: aborting due to 2 previous errors
[INFO] [stdout] 
[INFO] [stdout] 
[INFO] [stdout] Some errors have detailed explanations: E0425, E0432.
[INFO] [stdout] 
[INFO] [stdout] For more information about an error, try `rustc --explain E0425`.
[INFO] [stdout] 
[INFO] [stdout] error[E0599]: no method named `is_single_arg` found for struct `Vec<&[&[&str]]>` in the current scope
[INFO] [stdout]   --> tests/test_types.rs:15:24
[INFO] [stdout]    |
[INFO] [stdout] 15 |     assert_eq!(nestvec.is_single_arg(), true);
[INFO] [stdout]    |                        ^^^^^^^^^^^^^ method not found in `Vec<&[&[&str]]>`
[INFO] [stdout]    |
[INFO] [stdout]    = help: items from traits can only be used if the trait is in scope
[INFO] [stdout] help: the following trait is implemented but not in scope; perhaps add a `use` for it:
[INFO] [stdout]    |
[INFO] [stdout] 2  | use trezm_redis::ToRedisArgs;
[INFO] [stdout]    |
[INFO] [stdout] 
[INFO] [stdout] 
[INFO] [stdout] error[E0599]: no method named `is_single_arg` found for reference `&[u8; 12]` in the current scope
[INFO] [stdout]   --> tests/test_types.rs:16:22
[INFO] [stdout]    |
[INFO] [stdout] 16 |     assert_eq!(bytes.is_single_arg(), true);
[INFO] [stdout]    |                      ^^^^^^^^^^^^^ method not found in `&[u8; 12]`
[INFO] [stdout]    |
[INFO] [stdout]    = help: items from traits can only be used if the trait is in scope
[INFO] [stdout] help: the following trait is implemented but not in scope; perhaps add a `use` for it:
[INFO] [stdout]    |
[INFO] [stdout] 2  | use trezm_redis::ToRedisArgs;
[INFO] [stdout]    |
[INFO] [stdout] 
[INFO] [stdout] 
[INFO] [stdout] error[E0599]: no method named `is_single_arg` found for reference `&[&[u8; 12]]` in the current scope
[INFO] [stdout]   --> tests/test_types.rs:17:30
[INFO] [stdout]    |
[INFO] [stdout] 17 |     assert_eq!(twobytesslice.is_single_arg(), false);
[INFO] [stdout]    |                              ^^^^^^^^^^^^^ method not found in `&[&[u8; 12]]`
[INFO] [stdout]    |
[INFO] [stdout]    = help: items from traits can only be used if the trait is in scope
[INFO] [stdout] help: the following trait is implemented but not in scope; perhaps add a `use` for it:
[INFO] [stdout]    |
[INFO] [stdout] 2  | use trezm_redis::ToRedisArgs;
[INFO] [stdout]    |
[INFO] [stdout] 
[INFO] [stdout] 
[INFO] [stdout] error[E0599]: no method named `is_single_arg` found for struct `Vec<&[u8; 12]>` in the current scope
[INFO] [stdout]   --> tests/test_types.rs:18:28
[INFO] [stdout]    |
[INFO] [stdout] 18 |     assert_eq!(twobytesvec.is_single_arg(), false);
[INFO] [stdout]    |                            ^^^^^^^^^^^^^ method not found in `Vec<&[u8; 12]>`
[INFO] [stdout]    |
[INFO] [stdout]    = help: items from traits can only be used if the trait is in scope
[INFO] [stdout] help: the following trait is implemented but not in scope; perhaps add a `use` for it:
[INFO] [stdout]    |
[INFO] [stdout] 2  | use trezm_redis::ToRedisArgs;
[INFO] [stdout]    |
[INFO] [stdout] 
[INFO] [stdout] 
[INFO] [stdout] error[E0599]: no method named `to_redis_args` found for type `i32` in the current scope
[INFO] [stdout]    --> tests/test_types.rs:151:19
[INFO] [stdout]     |
[INFO] [stdout] 151 |     assert!(!5i32.to_redis_args().is_empty());
[INFO] [stdout]     |                   ^^^^^^^^^^^^^ method not found in `i32`
[INFO] [stdout]     |
[INFO] [stdout]     = help: items from traits can only be used if the trait is in scope
[INFO] [stdout] help: the following trait is implemented but not in scope; perhaps add a `use` for it:
[INFO] [stdout]     |
[INFO] [stdout] 2   | use trezm_redis::ToRedisArgs;
[INFO] [stdout]     |
[INFO] [stdout] 
[INFO] [stdout] 
[INFO] [stdout] error[E0599]: no method named `to_redis_args` found for reference `&'static str` in the current scope
[INFO] [stdout]    --> tests/test_types.rs:152:20
[INFO] [stdout]     |
[INFO] [stdout] 152 |     assert!(!"abc".to_redis_args().is_empty());
[INFO] [stdout]     |                    ^^^^^^^^^^^^^ method not found in `&'static str`
[INFO] [stdout]     |
[INFO] [stdout]     = help: items from traits can only be used if the trait is in scope
[INFO] [stdout] help: the following trait is implemented but not in scope; perhaps add a `use` for it:
[INFO] [stdout]     |
[INFO] [stdout] 2   | use trezm_redis::ToRedisArgs;
[INFO] [stdout]     |
[INFO] [stdout] 
[INFO] [stdout] 
[INFO] [stdout] error[E0599]: no method named `to_redis_args` found for reference `&'static str` in the current scope
[INFO] [stdout]    --> tests/test_types.rs:153:20
[INFO] [stdout]     |
[INFO] [stdout] 153 |     assert!(!"abc".to_redis_args().is_empty());
[INFO] [stdout]     |                    ^^^^^^^^^^^^^ method not found in `&'static str`
[INFO] [stdout]     |
[INFO] [stdout]     = help: items from traits can only be used if the trait is in scope
[INFO] [stdout] help: the following trait is implemented but not in scope; perhaps add a `use` for it:
[INFO] [stdout]     |
[INFO] [stdout] 2   | use trezm_redis::ToRedisArgs;
[INFO] [stdout]     |
[INFO] [stdout] 
[INFO] [stdout] 
[INFO] [stdout] error[E0599]: no method named `to_redis_args` found for struct `String` in the current scope
[INFO] [stdout]    --> tests/test_types.rs:154:32
[INFO] [stdout]     |
[INFO] [stdout] 154 |     assert!(!String::from("x").to_redis_args().is_empty());
[INFO] [stdout]     |                                ^^^^^^^^^^^^^ method not found in `String`
[INFO] [stdout]     |
[INFO] [stdout]     = help: items from traits can only be used if the trait is in scope
[INFO] [stdout] help: the following trait is implemented but not in scope; perhaps add a `use` for it:
[INFO] [stdout]     |
[INFO] [stdout] 2   | use trezm_redis::ToRedisArgs;
[INFO] [stdout]     |
[INFO] [stdout] 
[INFO] [stdout] 
[INFO] [stdout] error[E0599]: no method named `to_redis_args` found for struct `HashSet<{integer}>` in the current scope
[INFO] [stdout]    --> tests/test_types.rs:160:10
[INFO] [stdout]     |
[INFO] [stdout] 160 |         .to_redis_args()
[INFO] [stdout]     |          ^^^^^^^^^^^^^ method not found in `HashSet<{integer}>`
[INFO] [stdout]     |
[INFO] [stdout]     = help: items from traits can only be used if the trait is in scope
[INFO] [stdout] help: the following trait is implemented but not in scope; perhaps add a `use` for it:
[INFO] [stdout]     |
[INFO] [stdout] 2   | use trezm_redis::ToRedisArgs;
[INFO] [stdout]     |
[INFO] [stdout] 
[INFO] [stdout] 
[INFO] [stdout] error: aborting due to 31 previous errors
[INFO] [stdout] 
[INFO] [stdout] 
[INFO] [stdout] Some errors have detailed explanations: E0412, E0432, E0433.
[INFO] [stdout] 
[INFO] [stdout] For more information about an error, try `rustc --explain E0412`.
[INFO] [stdout] 
[INFO] [stdout] error[E0599]: no method named `to_redis_args` found for struct `BTreeSet<{integer}>` in the current scope
[INFO] [stdout]    --> tests/test_types.rs:167:10
[INFO] [stdout]     |
[INFO] [stdout] 167 |         .to_redis_args()
[INFO] [stdout]     |          ^^^^^^^^^^^^^ method not found in `BTreeSet<{integer}>`
[INFO] [stdout]     |
[INFO] [stdout]     = help: items from traits can only be used if the trait is in scope
[INFO] [stdout] help: the following trait is implemented but not in scope; perhaps add a `use` for it:
[INFO] [stdout]     |
[INFO] [stdout] 2   | use trezm_redis::ToRedisArgs;
[INFO] [stdout]     |
[INFO] [stdout] 
[INFO] [stdout] 
[INFO] [stdout] error[E0698]: type inside `async` block must be known in this context
[INFO] [stdout]    --> tests/test_async_async_std.rs:178:14
[INFO] [stdout]     |
[INFO] [stdout] 178 |             .and_then(|con| {
[INFO] [stdout]     |              ^^^^^^^^ cannot infer type for type parameter `T`
[INFO] [stdout]     |
[INFO] [stdout] note: the type is part of the `async` block because of this `await`
[INFO] [stdout]    --> tests/test_async_async_std.rs:177:9
[INFO] [stdout]     |
[INFO] [stdout] 177 | /         ctx.multiplexed_async_connection_async_std()
[INFO] [stdout] 178 | |             .and_then(|con| {
[INFO] [stdout] 179 | |                 let cmds = (0..100).map(move |i| test_cmd(&con, i));
[INFO] [stdout] 180 | |                 future::try_join_all(cmds).map_ok(|results| {
[INFO] [stdout] ...   |
[INFO] [stdout] 184 | |             .map_err(|err| panic!("{}", err))
[INFO] [stdout] 185 | |             .await
[INFO] [stdout]     | |__________________^
[INFO] [stdout] 
[INFO] [stdout] 
[INFO] [stdout] error[E0698]: type inside `async` block must be known in this context
[INFO] [stdout]    --> tests/test_async_async_std.rs:180:44
[INFO] [stdout]     |
[INFO] [stdout] 180 |                 future::try_join_all(cmds).map_ok(|results| {
[INFO] [stdout]     |                                            ^^^^^^ cannot infer type for type parameter `T`
[INFO] [stdout]     |
[INFO] [stdout] note: the type is part of the `async` block because of this `await`
[INFO] [stdout]    --> tests/test_async_async_std.rs:177:9
[INFO] [stdout]     |
[INFO] [stdout] 177 | /         ctx.multiplexed_async_connection_async_std()
[INFO] [stdout] 178 | |             .and_then(|con| {
[INFO] [stdout] 179 | |                 let cmds = (0..100).map(move |i| test_cmd(&con, i));
[INFO] [stdout] 180 | |                 future::try_join_all(cmds).map_ok(|results| {
[INFO] [stdout] ...   |
[INFO] [stdout] 184 | |             .map_err(|err| panic!("{}", err))
[INFO] [stdout] 185 | |             .await
[INFO] [stdout]     | |__________________^
[INFO] [stdout] 
[INFO] [stdout] 
[INFO] [stdout] error[E0698]: type inside `async` block must be known in this context
[INFO] [stdout]    --> tests/test_async_async_std.rs:184:14
[INFO] [stdout]     |
[INFO] [stdout] 184 |             .map_err(|err| panic!("{}", err))
[INFO] [stdout]     |              ^^^^^^^ cannot infer type for type parameter `E`
[INFO] [stdout]     |
[INFO] [stdout] note: the type is part of the `async` block because of this `await`
[INFO] [stdout]    --> tests/test_async_async_std.rs:177:9
[INFO] [stdout]     |
[INFO] [stdout] 177 | /         ctx.multiplexed_async_connection_async_std()
[INFO] [stdout] 178 | |             .and_then(|con| {
[INFO] [stdout] 179 | |                 let cmds = (0..100).map(move |i| test_cmd(&con, i));
[INFO] [stdout] 180 | |                 future::try_join_all(cmds).map_ok(|results| {
[INFO] [stdout] ...   |
[INFO] [stdout] 184 | |             .map_err(|err| panic!("{}", err))
[INFO] [stdout] 185 | |             .await
[INFO] [stdout]     | |__________________^
[INFO] [stdout] 
[INFO] [stdout] 
[INFO] [stdout] error[E0282]: type annotations needed
[INFO] [stdout]    --> tests/test_async_async_std.rs:197:31
[INFO] [stdout]     |
[INFO] [stdout] 197 |                     let con = con.clone();
[INFO] [stdout]     |                               ^^^ cannot infer type
[INFO] [stdout]     |
[INFO] [stdout]     = note: type must be known at this point
[INFO] [stdout] 
[INFO] [stdout] 
[INFO] [stdout] error[E0599]: no method named `to_redis_args` found for struct `BTreeMap<&str, {integer}>` in the current scope
[INFO] [stdout]    --> tests/test_types.rs:175:10
[INFO] [stdout]     |
[INFO] [stdout] 175 |         .to_redis_args()
[INFO] [stdout]     |          ^^^^^^^^^^^^^ method not found in `BTreeMap<&str, {integer}>`
[INFO] [stdout]     |
[INFO] [stdout]     = help: items from traits can only be used if the trait is in scope
[INFO] [stdout] help: the following trait is implemented but not in scope; perhaps add a `use` for it:
[INFO] [stdout]     |
[INFO] [stdout] 2   | use trezm_redis::ToRedisArgs;
[INFO] [stdout]     |
[INFO] [stdout] 
[INFO] [stdout] 
[INFO] [stdout] error: aborting due to 22 previous errors
[INFO] [stdout] 
[INFO] [stdout] 
[INFO] [stdout] Some errors have detailed explanations: E0432, E0599.
[INFO] [stdout] 
[INFO] [stdout] For more information about an error, try `rustc --explain E0432`.
[INFO] [stdout] 
[INFO] [stdout] error[E0282]: type annotations needed
[INFO] [stdout]    --> tests/test_async_async_std.rs:223:35
[INFO] [stdout]     |
[INFO] [stdout] 223 |                     let mut con = con.clone();
[INFO] [stdout]     |                                   ^^^ cannot infer type
[INFO] [stdout]     |
[INFO] [stdout]     = note: type must be known at this point
[INFO] [stdout] 
[INFO] [stdout] 
[INFO] [stdout] error[E0698]: type inside `async` block must be known in this context
[INFO] [stdout]    --> tests/test_async_async_std.rs:225:29
[INFO] [stdout]     |
[INFO] [stdout] 225 |                         let foo_val = i;
[INFO] [stdout]     |                             ^^^^^^^ cannot infer type for type `{integer}`
[INFO] [stdout]     |
[INFO] [stdout] note: the type is part of the `async` block because of this `await`
[INFO] [stdout]    --> tests/test_async_async_std.rs:240:25
[INFO] [stdout]     |
[INFO] [stdout] 240 | /                         pipe.query_async(&mut con)
[INFO] [stdout] 241 | |                             .map(move |result| {
[INFO] [stdout] 242 | |                                 assert_eq!(Ok(((foo_val, bar_val.into_bytes()),)), result);
[INFO] [stdout] 243 | |                                 result
[INFO] [stdout] 244 | |                             })
[INFO] [stdout] 245 | |                             .await
[INFO] [stdout]     | |__________________________________^
[INFO] [stdout] 
[INFO] [stdout] 
[INFO] [stdout] error[E0698]: type inside `async` block must be known in this context
[INFO] [stdout]    --> tests/test_async_async_std.rs:241:34
[INFO] [stdout]     |
[INFO] [stdout] 241 |   ...                   .map(move |result| {
[INFO] [stdout]     |  ____________________________^
[INFO] [stdout] 242 | | ...                       assert_eq!(Ok(((foo_val, bar_val.into_bytes()),)), result);
[INFO] [stdout] 243 | | ...                       result
[INFO] [stdout] 244 | | ...                   })
[INFO] [stdout]     | |_______________________^ cannot infer type for type `{integer}`
[INFO] [stdout]     |
[INFO] [stdout] note: the type is part of the `async` block because of this `await`
[INFO] [stdout]    --> tests/test_async_async_std.rs:240:25
[INFO] [stdout]     |
[INFO] [stdout] 240 | /                         pipe.query_async(&mut con)
[INFO] [stdout] 241 | |                             .map(move |result| {
[INFO] [stdout] 242 | |                                 assert_eq!(Ok(((foo_val, bar_val.into_bytes()),)), result);
[INFO] [stdout] 243 | |                                 result
[INFO] [stdout] 244 | |                             })
[INFO] [stdout] 245 | |                             .await
[INFO] [stdout]     | |__________________________________^
[INFO] [stdout] 
[INFO] [stdout] 
[INFO] [stdout] error: aborting due to 22 previous errors
[INFO] [stdout] 
[INFO] [stdout] 
[INFO] [stdout] Some errors have detailed explanations: E0282, E0412, E0432, E0433, E0698.
[INFO] [stdout] 
[INFO] [stdout] For more information about an error, try `rustc --explain E0282`.
[INFO] [stdout] 
[INFO] [stdout] error: aborting due to 15 previous errors
[INFO] [stdout] 
[INFO] [stdout] 
[INFO] [stdout] Some errors have detailed explanations: E0412, E0432, E0433.
[INFO] [stdout] 
[INFO] [stdout] For more information about an error, try `rustc --explain E0412`.
[INFO] [stdout] 
[INFO] [stderr] error: build failed
[INFO] running `Command { std: "docker" "inspect" "d30014a1940f8e9602605cf7a93a7a9ce10dd82488350e392529f1492f585ac8", kill_on_drop: false }`
[INFO] running `Command { std: "docker" "rm" "-f" "d30014a1940f8e9602605cf7a93a7a9ce10dd82488350e392529f1492f585ac8", kill_on_drop: false }`
[INFO] [stdout] d30014a1940f8e9602605cf7a93a7a9ce10dd82488350e392529f1492f585ac8
